3*x**2 + 3*x**p + 5. Determine m(4).
1
Let f(c) = c + 3. Let a = -14 - -8. Give f(a).
-3
Suppose -7 + 1 = -m. Suppose 5*g = -4*t - m, g + 13 = -4*g + 3*t. Let b be g/(21/9 - 3). Let i(l) = -2*l - 1. Give i(b).
-7
Let z(q) = -q**3 - q + 1. Let p(w) = -2*w**3 - 6*w**2 + w + 7. Let f(x) = p(x) - 3*z(x). Determine f(5).
-1
Let f(p) = -4*p - 9. Let l = 64 + -70. Determine f(l).
15
Let s(r) = -3*r**2 - 3*r**2 + 0*r + 0*r. Determine s(-1).
-6
Suppose -m - 2 = -6. Let h be 2/m - (-3)/2. Let g(i) = -1 + i**2 + 0*i**2 - 2*i**h. Give g(0).
-1
Let q(f) = -6*f**3 + f**2 + f. Let n be q(-1). Suppose 10 = -y + n*y. Let g(m) = 1. Let p(l) = 3*l + 3. Let v(d) = -5*g(d) + p(d). Determine v(y).
4
Let s(v) = v**2 + 4*v - 5. Let c(t) = -16*t**3 + 0 + t + 1 - 4*t**3. Let q be c(-1). Suppose 4*w + q = -0*w. Calculate s(w).
0
Suppose l + 2*x = -2, -4*l + 4*x + 6 - 2 = 0. Suppose l = -3*c - 1 - 2. Let g be -3*((-4)/(-3))/c. Let q(r) = r**3 - 3*r**2 - 6*r + 3. Give q(g).
-5
Let l(y) = -18 + 9*y + 6 + 13. Give l(-2).
-17
Let c(l) = -3*l**3 + 1. Let f be c(-1). Let n(x) = -5*x + f*x + 4 - 5. Determine n(4).
-5
Let q(u) be the third derivative of u**5/60 - u**4/4 - u**3 + u**2. What is q(7)?
1
Let u(m) = m**2 + 2*m - 2. Let f be u(-3). Let b = -2 + f. Let g be 4 + b + (-2 - -2). Let k(i) = -i + 3. Determine k(g).
0
Let g(v) = -94 + 0*v + 93 - 2*v. What is g(5)?
-11
Let b = 1 + 2. Suppose 3*h = 4*g + 37, 9 + 3 = 4*h. Let k(c) = 5*c + 17. Let u(m) = -3*m - 9. Let n(q) = g*u(q) - 4*k(q). What is n(b)?
-2
Let q = -15 + 18. Let j(b) be the first derivative of -b**3/3 + 3*b**2 + 2*b - 2. Calculate j(q).
11
Let m be 3*(-2)/3 - 0. Let x(i) = 8*i + 1. Let g(z) = 7*z. Let o(t) = m*x(t) + 3*g(t). Determine o(2).
8
Suppose -2*b = 5*q - 4 - 7, 5*q = -3*b + 9. Suppose -q*l + 2 = -4. Let v(o) = -o**3 - 4*o + l*o**2 + 2*o + 3*o. Determine v(-1).
2
Let r(o) = -7*o**2. Suppose m - 3*m + 4*k = -12, 2*m + 5*k = -6. Let a be (1 - 2)/(-1) - -1. Suppose -z = -a*i - 3, 4*z = m*i - 3*i + 3. What is r(i)?
-7
Let z(i) = 10*i**3 + 1. Suppose 0 = -2*y - 0*y. Suppose y = 2*f - 2. What is z(f)?
11
Let s(m) be the first derivative of m**2/2 - m + 108. Let y = 4 - -2. Calculate s(y).
5
Let b = 4 - 2. Let q be 3*((-2)/(-1))/b. Let r(j) = -2 - 2*j**3 + 2*j - 4*j**2 + 2*j**3 + j**3. Calculate r(q).
-5
Let v(z) = z**2 + 8*z - 4. Suppose -10*p - 71 + 11 = 0. Calculate v(p).
-16
Let c(j) = -2*j + 4. Let o(a) = -5*a + 11. Let m(k) = -8*c(k) + 3*o(k). Let h = -1 + 2. Determine m(h).
2
Let u be (-3)/(-1)*(-3)/(-9). Let v(l) = l. Let c(i) be the second derivative of -i**4/3 + 2*i**3 + 2*i. Let z(d) = c(d) - 12*v(d). Determine z(u).
-4
Let u(t) be the first derivative of 2 + 5/3*t**3 + 3/2*t**2 + 1/4*t**4 + t. Suppose 2*a + 4 = a. Calculate u(a).
5
Let a(d) = 5*d**2 + 8*d + 3. Let j(x) = -6*x**2 - 8*x - 4. Let g(b) = 5*a(b) + 4*j(b). What is g(-6)?
-13
Let x be 20/3 + (-42)/(-126). Let p(q) = -q**2 + 8*q - 7. Determine p(x).
0
Let g(o) = 5*o**2 - 11*o + 7. Let p be g(2). Let h(d) = -1 - 3 - d**2 + 0*d**2 + 9*d. Calculate h(p).
16
Suppose -63 = 3*o - 0. Let g = o - -18. Let q(s) = 2*s**2 + 3*s + 1. Determine q(g).
10
Let s = -2 - 1. Let p(i) = i**2 + i - 1. Calculate p(s).
5
Let n(a) = -a**3 + 3*a**2 + 0*a**3 + 3*a**3 - 1. Suppose g = 3*q + 1, 5*g + 17 + 10 = -q. Calculate n(q).
-5
Let w = 5 - 1. Let x(i) be the third derivative of -i**6/120 + i**5/15 - 5*i**3/6 + 86*i**2. Give x(w).
-5
Let p(i) = i. Let k(n) = -n**3 + 2*n**2 + 4*n - 1. Let z be k(3). Determine p(z).
2
Let i be (-1)/3 - (-20)/6. Suppose 4*f + 2 = r - 2, r - i*f = 4. Let c(n) = -n**3 + 2*n**2 + 6*n - 2. Calculate c(r).
-10
Suppose -3*c - 4*l + 0*l + 19 = 0, -5*l - 5 = -2*c. Let k(z) = 0*z - c + 0 + 3*z - z. Suppose 0 = -5*h - 8*v + 3*v, 3*h + 4*v = -5. Determine k(h).
5
Let p(f) = f**2 - 6*f + 3. Let k be (14/4)/((-49)/14 - -4). What is p(k)?
10
Let o = 84 - 91. Let f(p) = -p**3 - 8*p**2 - 7*p + 4. Calculate f(o).
4
Let m(s) = -2*s**2 + s + 1. Let y(u) = -u**3 - 2*u**2 + 2*u - 1. Let t be y(-3). Let z = 1 - t. Give m(z).
-2
Suppose -3*f - 18 = -27. Let d(m) be the second derivative of -m**4/12 + m**3/2 - 2*m**2 - m. Determine d(f).
-4
Let h(z) = z + 1. Let q(t) = 7*t + 2. Let y(p) = 6*h(p) - q(p). Suppose -13*a + 10*a + 12 = 0. What is y(a)?
0
Let r(u) = u**2 - 3*u + 1. Let o be r(2). Let g be 1 - (2 - 1)*o. Let c(v) = -v + 1 - g*v + 1. What is c(2)?
-4
Let g(l) be the first derivative of l**4/12 - l**3/3 + 3*l**2/2 + 10. Let z(k) be the second derivative of g(k). Give z(6).
10
Suppose 10 = -3*h + 43. Let n(r) = -r**3 + 15*r**2 + r - 13. Let y be n(15). Suppose c - 2 = -y*z, -2*c = -0*c - z + h. Let t(x) = -3*x - 5. What is t(c)?
7
Let r(m) = -3*m**2 + m**2 + 3*m**2 + m. Determine r(0).
0
Let n(b) = -b**2 + b + 2*b**2 - 2*b**2. Give n(4).
-12
Let v(r) = 10*r**3 - 4*r - 6. Let i(n) = -10*n**3 + 3*n + 5. Let g(h) = -5*i(h) - 4*v(h). What is g(1)?
10
Let l(a) = a**2 + 2*a + 1. Let m be 3/(-12) - 9/(-4). Suppose m*g + 4 - 2 = v, -4*g - v - 16 = 0. What is l(g)?
4
Let x(s) be the third derivative of -s**4/24 + s**3/2 - 2*s**2. Give x(3).
0
Let y(g) = g**3 + 5*g**2 + g + 1. Let r(i) = -2*i**2 + i. Let j be r(1). Let b = -7 - -12. Let d be b*(j - (-1 - -1)). Give y(d).
-4
Let r = 41 - 62. Let n = -15 - r. Suppose -4*o + 2*o = -n. Let b(q) = q**2 - q - 4. Give b(o).
2
Let j(w) = w**3 - 3*w**2 + w - 1. Suppose 2*o - 6*o = -12. Calculate j(o).
2
Let w(j) be the first derivative of -j**4/4 - j**3/3 - 3. Let v(d) = -5*d**3 - 8*d**2 - 3. Let g(n) = v(n) - 4*w(n). What is g(-4)?
-3
Let g(f) = -f. Let n = 3 - 1. Let d(l) = -2*l - 4*l + 7*l. Let t(h) = n*g(h) + 3*d(h). What is t(-1)?
-1
Let y = 8 - 3. Let l be (y/(-3))/(2/(-6)). Let p(q) be the third derivative of -q**4/24 + 4*q**3/3 - q**2. Determine p(l).
3
Let i(y) = y. Let v be i(-3). Let k(w) = w**3 + 5*w**2 + w - 4. Determine k(v).
11
Let u(k) = -9*k**2 - 4*k**2 - k - 1 + 8*k**2. Give u(-1).
-5
Let a(u) = u + 3232 - 3233 - u**2 + 2*u**2. Determine a(-4).
11
Let d(p) = -p + 12. Let r be d(7). Let c(b) = -2*b**2 + 6*b + 6. Determine c(r).
-14
Let a(h) = h**3 + 4*h**2 - 6*h - 5. Let m be a(-5). Let n(t) = -t + 2. Let l be n(m). Let w(u) = -1 + l*u + 1 - 6*u**2 + 1. Calculate w(-1).
-7
Let g = 15 + -16. Let s = -8 + 11. Let f(t) = -t**2 + 1 + 0*t**s + t + 2*t**3 + 0*t. Determine f(g).
-3
Suppose -a + 5*a = 6*a. Let q(z) be the third derivative of 1/10*z**5 + 1/6*z**3 + 0*z + 1/12*z**4 + z**2 + a. Determine q(-1).
5
Suppose 1 = z - 4*q - 15, 2*q + 26 = 5*z. Suppose 3*f - 4*v = 10, 2*f + 0*f + 5*v + 1 = 0. Let s(c) = 1 - 3*c**f - 6*c + 2*c**2 + 10*c. Calculate s(z).
1
Suppose 5*p - 6 = 24. Let w(k) be the third derivative of k**4/24 - 2*k**3/3 - 4*k**2. What is w(p)?
2
Let y(s) = 2*s**2 - 2*s - 2. Suppose 4*x = 3*x + 7. Suppose 3 = -3*j + 3*w, 10 + x = 4*j + 3*w. What is y(j)?
2
Let b(k) = k**2 - 4*k. Let h = 5 - 8. Let z = h + 7. Let r be z + (-2 - -1) + 1. Give b(r).
0
Let t(x) be the first derivative of x**2 + 2*x - 1. Let g(y) = -y**2 - 6*y + 5. Let d be g(-6). Suppose -2*r = 1 - d. Calculate t(r).
6
Let v(j) = 2*j - 9. Suppose -5*x + t + 35 = 0, x - 9 = t + 2. Give v(x).
3
Let j(s) = -s + 4. Let y be j(2). Suppose x - 3*x - 5*z = 2, y*x = 5*z - 2. Let t(d) = 9*d**3 - 2*d**2 + 1. Calculate t(x).
-10
Let k be (3 - 1) + (0 - -1). Let i(r) = -r**2 + 1. Let f be i(-1). Let w(o) = -o + f + 2 - k. Give w(4).
-5
Let s(y) = 0 - 3*y + 16*y + 8 - 10*y. What is s(-7)?
-13
Let u = 72 + -65. Let q(w) = -2*w - 9. What is q(u)?
-23
Let d = -82/3 + 28. Let k(f) be the first derivative of 1/2*f**2 + d*f**3 - 2*f + 1. Determine k(-2).
4
Suppose -a + 4*a = 6. Let r(q) = -a*q + 3*q - 3*q + q. Determine r(5).
-5
Let t(s) = -s**3 + 3*s**2 + 6*s - 2. Suppose -5 - 5 = 5*h. Let x be (-2)/(-3)*(-12)/h. Determine t(x).
6
Let l(w) = -w**2 - 11*w + 14. Let i be l(-12). Let t(n) = -3*n + i + 5*n**2 - 2*n - 6*n**2 - n. Calculate t(-5).
7
Let m(p) = p + 4. Let q(w) = 3*w + 11. Let z(c) = -11*m(c) + 4*q(c). Let n(s) = s**3 + 5*s**2 - 8*s + 8. Let h(l) = n(l) + 2*z(l). Calculate h(-6).
8
Let l be -3 + 2 + (0 - 5 - -2). Let i(q) = -4*q + 2. Calculate i(l).
18
Let v(p) = -p**2 - 11*p + 7. Let w be v(-12). Let t(c) = c**3 + 6*c**2 + 2*c - 4. Calculate t(w).
11
Suppose 3*s = -1 + 10. Suppose 3*q + 0*q = -h + 8, -3*q + h = -10. Let n(d) = d**3 +